{"id":417,"date":"2012-05-26T14:56:49","date_gmt":"2012-05-26T14:56:49","guid":{"rendered":"http:\/\/www.hostaldonderafa.com\/?page_id=417"},"modified":"2014-05-16T17:05:01","modified_gmt":"2014-05-16T17:05:01","slug":"servicios","status":"publish","type":"page","link":"https:\/\/www.hostaldonderafa.com\/?page_id=417","title":{"rendered":"ACTIVITIES \/ ACTIVIDADES"},"content":{"rendered":"<div class=\"col col_3_4 \">\n<div class=\"inner\">\n<h2>ALOJAMIENTO<\/h2>\n<p><span style=\"text-decoration: underline; color: #99cc00;\"><strong>Alojamiento (incluye un desayuno delicioso)<\/strong><\/span><\/p>\n<div class=\"box box\">\n<table width=\"100%\" border=\"0\">\n<tbody>\n<tr>\n<td style=\"text-align: left; color: #99cc00; padding: 4px;\">Dormitorio<\/td>\n<td style=\"text-align: right; color: #99cc00; padding: 4px;\"><em>25.000 COP<\/em><\/td>\n<\/tr>\n<tr>\n<td style=\"text-align: left; color: #99cc00; padding: 4px;\">Cuarto privado para 1 persona \/ ba\u00f1o compartido<\/td>\n<td style=\"text-align: right; color: #99cc00; padding: 4px;\"><em>30.000 COP<\/em><\/td>\n<\/tr>\n<tr>\n<td style=\"text-align: left; color: #99cc00; padding: 4px;\">Cuarto privado para 1 persona \/ ba\u00f1o compartido<\/td>\n<td style=\"text-align: right; color: #99cc00; padding: 4px;\"><em>40.000 COP<\/em><\/td>\n<\/tr>\n<tr>\n<td style=\"text-align: left; color: #99cc00; padding: 4px;\">Cuarto privado para 1 persona \/ ba\u00f1o + TV\/DVD<\/td>\n<td style=\"text-align: right; color: #99cc00; padding: 4px;\"><em>40.000 COP<\/em><\/td>\n<\/tr>\n<tr>\n<td style=\"text-align: left; color: #99cc00; padding: 4px;\">Cuarto privado para 2 personas \/ ba\u00f1o + TV\/DVD<\/td>\n<td style=\"text-align: right; color: #99cc00; padding: 4px;\"><em>70.000 COP<\/em><\/td>\n<\/tr>\n<tr>\n<td style=\"text-align: left; color: #99cc00; padding: 4px;\">Cuarto privado para 2 personas \/ sin ba\u00f1o + TV\/DVD<\/td>\n<td style=\"text-align: right; color: #99cc00; padding: 4px;\"><em>50.000 COP<\/em><\/td>\n<\/tr>\n<tr>\n<td style=\"text-align: left; color: #99cc00; padding: 4px;\">Acampar por pareja<\/td>\n<td style=\"text-align: right; color: #99cc00; padding: 4px;\"><em>20.000 COP<\/em><\/td>\n<\/tr>\n<\/tbody>\n<\/table>\n<div class=\"clear\"><\/div>\n<\/div>\n<p><span style=\"color: #99cc00; padding-top: 10px;\"><em><strong>+ Agua caliente 24 horas + toallas + jab\u00f3n<\/strong><\/em><\/span><\/p>\n<p>&nbsp;<\/p>\n<p><span style=\"text-decoration: underline;\"><strong>Accommodation (including a delicious breakfast)<\/strong><\/span><\/p>\n<div class=\"box box\">\n<table width=\"100%\" border=\"0\">\n<tbody>\n<tr>\n<td style=\"text-align: left; padding: 4px;\">Dorm<\/td>\n<td style=\"text-align: right; padding: 4px;\"><em>25.000 COP<\/em><\/td>\n<\/tr>\n<tr>\n<td style=\"text-align: left; padding: 4px;\">1 Person private room \/ shared bathroom<\/td>\n<td style=\"text-align: right; padding: 4px;\"><em>30.000 COP<\/em><\/td>\n<\/tr>\n<tr>\n<td style=\"text-align: left; padding: 4px;\">2 Persons private rooms \/ shared bathroom<\/td>\n<td style=\"text-align: right; padding: 4px;\"><em>40.000 COP<\/em><\/td>\n<\/tr>\n<tr>\n<td style=\"text-align: left; padding: 4px;\">1 Person private room \/ bathroom + TV\/DVD<\/td>\n<td style=\"text-align: right; padding: 4px;\"><em>40.000 COP<\/em><\/td>\n<\/tr>\n<tr>\n<td style=\"text-align: left; padding: 4px;\">2 Persons private room \/ bathroom + TV\/DVD<\/td>\n<td style=\"text-align: right; padding: 4px;\"><em>70.000 COP<\/em><\/td>\n<\/tr>\n<tr>\n<td style=\"text-align: left; padding: 4px;\">2 Persons private room \/ without bathroom + TV\/DVD<\/td>\n<td style=\"text-align: right; padding: 4px;\"><em>50.000 COP<\/em><\/td>\n<\/tr>\n<tr>\n<td style=\"text-align: left; padding: 4px;\">Camping per couple<\/td>\n<td style=\"text-align: right; padding: 4px;\"><em>20.000 COP<\/em><\/td>\n<\/tr>\n<\/tbody>\n<\/table>\n<div class=\"clear\"><\/div>\n<\/div>\n<p><span style=\"padding-top: 10px;\"><strong><em>+ Hot Water 24 hours + Towels + Soap<\/em><\/strong><\/span><\/p>\n<p>&nbsp;<\/p>\n<div class=\"divider_space\"><\/div>\n<h2>zonas comunes<\/h2>\n<ul class=\"list_dots\">\n<li><span style=\"color: #99cc00;\">Bicicletas gratis<\/span> \/ <em>Free Bicycles<\/em><\/li>\n<li><span style=\"color: #99cc00;\">Servicio de lavander\u00eda<\/span> \/ <em>Laundry-Service<\/em><\/li>\n<li><span style=\"color: #99cc00;\">Acceso a Internet gratuito (Wi-Fi)<\/span> \/ <em>Free Internet (Wi-Fi)<\/em><\/li>\n<li><span style=\"color: #99cc00;\">Intercambio de libros<\/span> \/ <em>Book Exchange<\/em><\/li>\n<li><span style=\"color: #99cc00;\">Hamacas<\/span> \/ <em>Hammocks<\/em><\/li>\n<li><span style=\"color: #99cc00;\">Soundsystem<\/span> \/ <em>Soundsystem<\/em><\/li>\n<li><span style=\"color: #99cc00;\">BBQ<\/span> \/ <em>BBQ<\/em><\/li>\n<li><span style=\"color: #99cc00;\">Fogata<\/span> \/ <em>Bonfire<\/em><\/li>\n<li><span style=\"color: #99cc00;\">Sala de TV \/ DVD con chimenea<\/span> \/ <em>TV \/ DVD room with fireplace<\/em><\/li>\n<li><span style=\"color: #99cc00;\">Bar (buena selecci\u00f3n de licores, cervezas y bebidas)<\/span> \/ <em>Bar (good selections of liquors, beers and drinks)<\/em><\/li>\n<li><span style=\"color: #99cc00;\">Informaci\u00f3n Tur\u00edstica (Ingl\u00e9s \/ Espa\u00f1ol)<\/span> \/ <em>Tourist Information (English \/ Spanish)<\/em><\/li>\n<li><span style=\"color: #99cc00;\">Mirador con gran vista sobre el valle de El Pantanillo<\/span> \/ <em>Viewpoint with great view over the valley El Pantanillo<\/em><\/li>\n<li><span style=\"color: #99cc00;\">huerta org\u00e1nica<\/span> \/ <em>Organic garden<\/em><\/li>\n<li><span style=\"color: #99cc00;\">Cabalgata<\/span> \/ <em>Horsebackriding<\/em><\/li>\n<li><span style=\"color: #99cc00;\">Gran jard\u00edn con \u00e1rboles y flores<\/span> \/ <em>Huge garden with trees and flowers<\/em><\/li>\n<li><span style=\"color: #99cc00;\">Muchos senderos ecol\u00f3gicos cerca de la casa<\/span> \/ <em>Lots of eco-hikes nearby the house<\/em><\/li>\n<li><span style=\"color: #99cc00;\">Craft Classes<\/span> \/ <em>Clases de Artesania<\/em><\/li>\n<li><span style=\"color: #99cc00;\">Servicio de restaurante con platos t\u00edpicos colombianos y internacionales + muchas opciones vegetarianas<\/span> \/ <em>Restaurant-Service with delicous colombian and international food + lots of vegetarian options<\/em><\/li>\n<\/ul>\n<p>&nbsp;<\/p>\n<\/div>\n<\/div>\n<div class=\"col col_1_4 \">\n<div class=\"inner\">\n<div class=\"divider_space\"><\/div>\n<div class=\"divider_space\"><\/div>\n<p><a class=\"alignright size-medium\" title=\"Habitaciones\" href=\"http:\/\/hostaldonderafa.com\/wp-content\/themes\/welcome_inn\/images\/slides_new\/SERVICIOS\/nr-8.jpg\" rel=\"habitaciones\"><img loading=\"lazy\" decoding=\"async\" class=\"alignright size-medium\" title=\"IMG_8571\" src=\"http:\/\/hostaldonderafa.com\/wp-content\/themes\/welcome_inn\/images\/slides_new\/SERVICIOS\/nr-8_small.jpg\" alt=\"\" width=\"200\" height=\"236\" \/><br \/>\n<span class=\"alignright size-medium\" style=\"color: #99cc00;\">Galeria de Fotos &#8220;Habitaciones&#8221;<\/span><\/a><\/p>\n<div class=\"divider_space\"><\/div>\n<div class=\"divider_space\"><\/div>\n<div class=\"divider_space\"><\/div>\n<div class=\"divider_space\"><\/div>\n<div class=\"divider_space\"><\/div>\n<div class=\"divider_space\"><\/div>\n<div class=\"divider_space\"><\/div>\n<div class=\"divider_space\"><\/div>\n<p><a class=\"alignright size-medium\" title=\"Zonas Comunes\" href=\"http:\/\/www.hostaldonderafa.com\/wp-content\/uploads\/2012\/07\/P1000471.png\" rel=\"ZonasComunes\"><img loading=\"lazy\" decoding=\"async\" class=\"alignright size-medium\" title=\"IMG_8571\" src=\"http:\/\/www.hostaldonderafa.com\/wp-content\/uploads\/2012\/07\/IMG_8481-300x200.png\" alt=\"\" width=\"200\" height=\"130\" \/><br \/>\n<span class=\"alignright size-medium\" style=\"color: #99cc00;\">Galeria de Fotos &#8220;Zonas Comunes&#8221;<\/span><\/a><\/p>\n<\/div>\n<\/div>\n","protected":false},"excerpt":{"rendered":"","protected":false},"author":1,"featured_media":0,"parent":0,"menu_order":0,"comment_status":"open","ping_status":"open","template":"template-services.php","meta":{"footnotes":""},"class_list":["post-417","page","type-page","status-publish","hentry"],"_links":{"self":[{"href":"https:\/\/www.hostaldonderafa.com\/index.php?rest_route=\/wp\/v2\/pages\/417","targetHints":{"allow":["GET"]}}],"collection":[{"href":"https:\/\/www.hostaldonderafa.com\/index.php?rest_route=\/wp\/v2\/pages"}],"about":[{"href":"https:\/\/www.hostaldonderafa.com\/index.php?rest_route=\/wp\/v2\/types\/page"}],"author":[{"embeddable":true,"href":"https:\/\/www.hostaldonderafa.com\/index.php?rest_route=\/wp\/v2\/users\/1"}],"replies":[{"embeddable":true,"href":"https:\/\/www.hostaldonderafa.com\/index.php?rest_route=%2Fwp%2Fv2%2Fcomments&post=417"}],"version-history":[{"count":95,"href":"https:\/\/www.hostaldonderafa.com\/index.php?rest_route=\/wp\/v2\/pages\/417\/revisions"}],"predecessor-version":[{"id":427,"href":"https:\/\/www.hostaldonderafa.com\/index.php?rest_route=\/wp\/v2\/pages\/417\/revisions\/427"}],"wp:attachment":[{"href":"https:\/\/www.hostaldonderafa.com\/index.php?rest_route=%2Fwp%2Fv2%2Fmedia&parent=417"}],"curies":[{"name":"wp","href":"https:\/\/api.w.org\/{rel}","templated":true}]}}